mposite number?
True
Let z = -80 + 84. Let t(b) = 22*b**2 - 3*b - 5. Is t(z) a composite number?
True
Is ((-9)/6)/((-51)/507382) a composite number?
False
Let u(j) = -j**2 - 9*j + 2. Let i be u(-8). Suppose i = 5*h, -6*h = n - h - 109. Suppose 5*g = 2*g + n. Is g prime?
False
Let r(l) be the second derivative of -l**6/30 - l**5/20 - 5*l**4/24 - 5*l**3/6 + 3*l**2/2 + 4*l. Let c(b) be the first derivative of r(b). Is c(-4) prime?
True
Let q(o) be the second derivative of o**4/12 - o**3/6 + 647*o**2/2 + 19*o. Is q(0) a prime number?
True
Let x = 39 + -43. Is (-212 - -1)*(x + 1 - -2) prime?
True
Suppose 9*g = -58 + 85. Is (-5 + 12/g)*-5167 a composite number?
False
Let g(a) = 45*a + 29. Let z(u) = -46*u - 28. Let o(w) = -7*g(w) - 6*z(w). Is o(-14) a prime number?
False
Suppose 3*v = 2*u + 31, 6*v = 3*v + 3*u + 36. Let j(a) = v - 6 - 10*a - 91*a - 59*a. Is j(-2) prime?
False
Let d(z) = -14*z**3 - 2*z - 1. Let w be d(-1). Is (-5)/w - 68/(-6) a prime number?
True
Let q(a) = -9*a**3 - 14*a**2 + 6*a - 6. Is q(-11) a composite number?
True
Let y = -90 + 94. Suppose 3*o = -4*h + 473, 3*h + 25 = -y*o + 651. Is o a composite number?
True
Let m = -18 + 29. Let x be (1 - m)*(-8)/(-16). Let q(b) = 8*b**2 + 5. Is q(x) prime?
False
Let r(k) = 48*k - 14*k - 5*k. Is r(7) prime?
False
Let r be (-2640)/(-18) + 2/6. Suppose 5*h = g + 14, 0 = 3*h - 3*g - 2*g - 4. Suppose -3*f + 957 = -h*j - r, 4*f = j + 1481. Is f a composite number?
True
Let o(i) = -26*i - 2. Suppose 4*c + 12 = 0, 12 = -3*h + c + c. Let p be o(h). Suppose 2*l - p = l - 5*v, l + 4*v - 153 = 0. Is l prime?
True
Let b = 10 + -6. Let n be b/(-6) + (-5)/15. Is 1/((1/n)/(-307)) composite?
False
Suppose -3*a + 0*a = 3*f - 122076, 2*a - f - 81387 = 0. Is a composite?
False
Suppose 3*t - 2059 = 2*a, -5 = -a + 2*a. Is t a prime number?
True
Let j = -6035 + 17314. Is j prime?
True
Suppose -2*y = -2*a - 156940, 2*y + 5*a - 139491 - 17470 = 0. Is y composite?
True
Let k be 27/(-27)*(0 - 0)/(-2). Suppose 3*p - 4*a - 1093 = k, -5*p + 2*a = -0*p - 1845. Is p prime?
False
Suppose -5*t = 4*f - 3*f - 1, t - 21 = 5*f. Suppose -4*h + 47 = z, 9 = h + z + t. Is h prime?
True
Suppose 3*d - 5*k + 1 = 6*d, 4*k + 6 = d. Let x(h) = 2*h**3 - 63*h**2 + 32*h - 31. Let l be x(31). Suppose l*f - d*f + 166 = 0. Is f composite?
False
Let k(q) = -q**3 + 2*q + 467. Let p be k(0). Suppose -4*j = -p - 3281. Is j a prime number?
True
Let d be -1*-6*(-2)/(-4). Suppose -d*u = u + 564. Let a = u - -352. Is a a prime number?
True
Suppose -5*d - 57 = -f, 0*f + 5*f = 2*d + 9. Let q(r) = -r - 9. Let s be q(d). Suppose -2*m + 815 = s*m. Is m a prime number?
True
Let d(f) = 240*f - 109. Is d(9) a composite number?
True
Let y = -3858 - 208. Let f = y + 7713. Is f a prime number?
False
Let q(a) = 9*a**2 - 16*a - 8*a**2 - 8*a**2 - 7 - 5*a**3. Is q(-6) composite?
True
Let z be (12/(-18))/((-2)/(-3)). Is 3/(-6)*z*(-8454)/(-3) a composite number?
False
Suppose 54511 = 10*c - 176049. Suppose 14*m + 2*m - c = 0. Is m prime?
False
Let k = 94 + 645. Let s = k + -416. Is s prime?
False
Let q = 2249 + -172. Is q/5 - 26/65 a composite number?
True
Let j = 105876 + -43673. Is j composite?
True
Let q = 281 - 295. Suppose -184 = -4*y + 2*w, 3*y - 58 = 4*w + 90. Let h = y - q. Is h a composite number?
True
Suppose p + 2*p = 4266. Suppose 3*q = -3*h + p, -q - 5*h - 2320 = -6*q. Is q a composite number?
True
Let x(o) = 1253*o**2 + 5*o + 31. Is x(7) composite?
False
Suppose -20*i - 3802 = -p - 17*i, -4*p + 15169 = i. Is p prime?
True
Is (13643/(49/7))/(0 - -1) composite?
False
Let g = 7708 - 5205. Is g a prime number?
True
Let w = 37 + -13. Let j = w + -9. Is j a composite number?
True
Suppose 0 = -a - 2, 4*a = -3*x + 4 - 0. Let u be (-6438)/(-8) - x/(-16). Suppose 0*t - 5*t = -u. Is t a composite number?
True
Suppose -7*d + 6*d = 6. Let f(u) = 24*u**2 + 10*u - 13. Is f(d) a prime number?
False
Let h be (-2)/((-173)/(-58) + -3). Suppose 2*x - 1378 = -h. Is x composite?
False
Let z(y) = y - 3. Let f be z(3). Let h(p) = p**3 + 11*p**2 - 15*p + 8. Let u be h(-12). Suppose -d + 5*d - u = f. Is d composite?
False
Let l(z) = -z + 9 - z**2 + 0*z**2 - 2*z**2 + 2*z**2 + 9*z**3. Is l(4) prime?
False
Let u(k) = -32*k - 47. Let c(i) = -34*i - 48. Let z(n) = -4*c(n) + 5*u(n). Is z(-17) a prime number?
False
Suppose 838*v = 830*v + 46520. Is v a prime number?
False
Suppose -8*o = -27054 + 6934. Is o a prime number?
False
Let x(l) = l**3 + 5*l**2 - 9*l + 9. Let o be x(-7). Is o/(-1*(-10)/(-185)) composite?
True
Let g = -113 - -124. Suppose -g*h - h + 19572 = 0. Is h a prime number?
False
Let m(t) = 2*t**3 - 4*t**2 - 2*t - 6. Let d be m(8). Suppose 5*u - 2083 = -2*a - d, -3*a - 264 = -u. Suppose 0 = -9*p + 6*p + u. Is p a prime number?
True
Let p = -18 - -21. Suppose -p*g = g - 2708. Is g a composite number?
False
Suppose 0 = -l + 9 - 4. Suppose -l = -6*z + 7. Suppose 122 = 2*f - a - 300, -z*f + 422 = a. Is f composite?
False
Let s(j) = -5*j**2 - 2*j - 1. Let i be s(-1). Let x(p) = -2*p - 4. Let w be x(i). Suppose -8*d + 652 = -w*d. Is d prime?
True
Suppose 5*j = 0, -4*r = -10*j + 13*j - 1564. Is r composite?
True
Let w(r) = -456*r - 2. Let d be w(-1). Let o = d - -1023. Is o a prime number?
False
Suppose t + 2*t = u + 7185, 3*t + 5*u = 7185. Is (t/(-10))/(3/(-6)) a composite number?
False
Suppose -4*w + 670 = -2*w + 3*g, w - 2*g - 328 = 0. Let l = 571 - w. Is l a prime number?
True
Suppose -22*y = -90600 - 201758. Is y composite?
True
Suppose 2*r - 21 = -13. Suppose -5*l + l - 32 = -4*q, 5*l - 59 = -r*q. Is q prime?
True
Let x be 3/((-2)/(-8)*6). Let f be -2 + (-1593*x)/(-3). Suppose f = 5*v - v. Is v composite?
True
Suppose -12 = 2*b + 3*w + 5, 0 = -2*b - w - 7. Let o be ((-8)/(-10))/(b/(-5)). Let v(r) = 7*r - 6. Is v(o) prime?
False
Let o be 2/(-1) - (6 - 370). Suppose -l + o = n, -4*l + n + 1416 = -3*n. Is l a composite number?
True
Let x be ((-80)/(-6))/(4/168). Let w = -234 + x. Is w a composite number?
True
Let k(n) = -534*n + 215. Is k(-22) composite?
True
Let h be 3 - (1 + -3)/2. Suppose -5*a - 4*z + 25 = 0, -h*a + 3*z = z - 20. Suppose 3*c = -2*g + 365, -a*c + 608 = 3*g - 0*g. Is c a prime number?
False
Let x = 53412 - -46995. Is x prime?
False
Suppose 4*a - 430 = -2. Suppose -109*f + a*f = -5342. Is f composite?
False
Suppose 0 = -18*i + 315371 + 114595. Is i a prime number?
True
Is -6 + (-520)/(-85) + (-526059)/(-51) composite?
True
Let u = -1 + 3. Suppose -u*j - 3*h + 14 = 0, j + h = -4*j + 22. Suppose -2*w + 144 = -j*l, -14 - 6 = 4*l. Is w composite?
True
Let l(t) = 4*t**2 - t + 2. Let x be l(1). Suppose x*y - 79 + 22 = -d, d = 2*y + 85. Is d prime?
False
Suppose -2844 = -11*h + 4559. Is h a prime number?
True
Is (-14580 + -11)*(0 + -1 - 0) a composite number?
False
Let c = -30 + 33. Is ((-3521)/21)/((-1)/c) prime?
True
Let v = -6 + 8. Suppose -40 = -2*m - 2*m - 2*t, m - 20 = v*t. Suppose -4*j + 24 = o + 3*o, -2*o + 4*j = m. Is o prime?
True
Let i = -43676 - -71969. Is i prime?
False
Suppose -268 = -q + 160. Let f = 2277 + q. Suppose -p = 4*p - f. Is p composite?
False
Let n = 9836 - 5011. Suppose n = -6*h + 16231. Is h a composite number?
False
Let b be (4/3)/(-1)*12. Let i = -11 - b. Suppose 0 = p + i*u - 35, -3*u - 153 = -3*p - 6*u. Is p prime?
False
Let i(d) = d**2 + 5*d - 6. Let p be i(-6). Suppose -x + 9 - 4 = p. Suppose -8*c + 3*c - j = -1118, 684 = 3*c + x*j. Is c prime?
True
Suppose 0 = 13*p - 15885 - 42368. Is p a prime number?
True
Let t(j) = -j**2 + 23*j - 19. Let u be t(22). Suppose 2*y + 5*z - 6414 = -0*z, 0 = -u*y + 3*z + 9579. Is y a composite number?
True
Is (-2 + -24668)/((-3)/((-3)/(-2))) a prime number?
False
Let f be 1/(1 + 6/(-8)). Let w(i) = 3*i - 34*i**3 - f*i**2 - 6*i - 20*i**3 - 4 + 14*i**3. Is w(-3) prime?
True
Suppose 2*u - 7*u = 5*j - 46145, -9229 = -j + 2*u. Is j prime?
False
Let i(a) = 45*a**3 + 2*a**2 + 2*a - 1. Let z(x) = x - 15. Let p be z(6). Let o = -7 - p. Is i(o) composite?
True
Let x(t) = 17*t**2 - 2*t + 9. Let k(w) = 17*w**2 - 3*w + 9. Let c(p) = -2*k(p) + 3*x(p). Is c(-8) a composite number?
False
Suppose -17*s + 36*s = 31331. Is s composite?
True
Suppose 15*m = -16513 + 118378. Is m a composite number?
False
Let t(g) = -4 + 2 - 57*g + 1 + 228*g. Let k be t(-3). Is 9/(-6)*k/3 a prime number?
True
Suppose 11*d = 1073459 - 35